[INFO] cloning repository https://github.com/rotwatsb/t3tropolis
[INFO] running `Command { std: "git" "-c" "credential.helper=" "-c" "credential.helper=/workspace/cargo-home/bin/git-credential-null" "clone" "--bare" "https://github.com/rotwatsb/t3tropolis" "/workspace/cache/git-repos/https%3A%2F%2Fgithub.com%2Frotwatsb%2Ft3tropolis", kill_on_drop: false }`
[INFO] [stderr] Cloning into bare repository '/workspace/cache/git-repos/https%3A%2F%2Fgithub.com%2Frotwatsb%2Ft3tropolis'...
[INFO] running `Command { std: "git" "rev-parse" "HEAD", kill_on_drop: false }`
[INFO] [stdout] fc7daf3c19403c1157d62d1f3e94765b4e23a0a8
[INFO] checking rotwatsb/t3tropolis against master#af3c6e733a40e671550e0f0f5aeecaa13772ba56 for pr-74989
[INFO] running `Command { std: "git" "clone" "/workspace/cache/git-repos/https%3A%2F%2Fgithub.com%2Frotwatsb%2Ft3tropolis" "/workspace/builds/worker-10/source", kill_on_drop: false }`
[INFO] [stderr] Cloning into '/workspace/builds/worker-10/source'...
[INFO] [stderr] done.
[INFO] validating manifest of git repo https://github.com/rotwatsb/t3tropolis on toolchain af3c6e733a40e671550e0f0f5aeecaa13772ba56
[INFO] running `Command { std: "/workspace/cargo-home/bin/cargo" "+af3c6e733a40e671550e0f0f5aeecaa13772ba56" "read-manifest" "--manifest-path" "Cargo.toml", kill_on_drop: false }`
[INFO] started tweaking git repo https://github.com/rotwatsb/t3tropolis
[INFO] finished tweaking git repo https://github.com/rotwatsb/t3tropolis
[INFO] tweaked toml for git repo https://github.com/rotwatsb/t3tropolis written to /workspace/builds/worker-10/source/Cargo.toml
[INFO] crate git repo https://github.com/rotwatsb/t3tropolis already has a lockfile, it will not be regenerated
[INFO] running `Command { std: "/workspace/cargo-home/bin/cargo" "+af3c6e733a40e671550e0f0f5aeecaa13772ba56" "fetch" "--locked" "--manifest-path" "Cargo.toml", kill_on_drop: false }`
[INFO] [stderr] error: the lock file /workspace/builds/worker-10/source/Cargo.lock needs to be updated but --locked was passed to prevent this
[INFO] [stderr] If you want to try to generate the lock file without accessing the network, use the --offline flag.
[INFO] the lockfile is outdated, regenerating it
[INFO] running `Command { std: "/workspace/cargo-home/bin/cargo" "+af3c6e733a40e671550e0f0f5aeecaa13772ba56" "generate-lockfile" "--manifest-path" "Cargo.toml" "-Zno-index-update", kill_on_drop: false }`
[INFO] [stderr]     Updating git repository `https://github.com/sebcrozet/kiss3d`
[INFO] running `Command { std: "/workspace/cargo-home/bin/cargo" "+af3c6e733a40e671550e0f0f5aeecaa13772ba56" "fetch" "--locked" "--manifest-path" "Cargo.toml", kill_on_drop: false }`
[INFO] running `Command { std: "docker" "create" "-v" "/var/lib/crater-agent-workspace/builds/worker-10/target:/opt/rustwide/target:rw,Z" "-v" "/var/lib/crater-agent-workspace/builds/worker-10/source:/opt/rustwide/workdir:ro,Z" "-v" "/var/lib/crater-agent-workspace/cargo-home:/opt/rustwide/cargo-home:ro,Z" "-v" "/var/lib/crater-agent-workspace/rustup-home:/opt/rustwide/rustup-home:ro,Z" "-e" "SOURCE_DIR=/opt/rustwide/workdir" "-e" "CARGO_TARGET_DIR=/opt/rustwide/target" "-e" "CARGO_HOME=/opt/rustwide/cargo-home" "-e" "RUSTUP_HOME=/opt/rustwide/rustup-home" "-w" "/opt/rustwide/workdir" "-m" "1610612736" "--user" "0:0" "--network" "none" "rustops/crates-build-env@sha256:d92eaeed33fa75130ca1ee6c8a01d1ffb62bac859dfdfb3450e3e5d1c0146529" "/opt/rustwide/cargo-home/bin/cargo" "+af3c6e733a40e671550e0f0f5aeecaa13772ba56" "metadata" "--no-deps" "--format-version=1", kill_on_drop: false }`
[INFO] [stdout] a12d80729c89407e6841dd8ef09cf42cf72eee20d25e78d5c21091998528b1d7
[INFO] [stderr] WARNING: Your kernel does not support swap limit capabilities or the cgroup is not mounted. Memory limited without swap.
[INFO] running `Command { std: "docker" "start" "-a" "a12d80729c89407e6841dd8ef09cf42cf72eee20d25e78d5c21091998528b1d7", kill_on_drop: false }`
[INFO] running `Command { std: "docker" "inspect" "a12d80729c89407e6841dd8ef09cf42cf72eee20d25e78d5c21091998528b1d7", kill_on_drop: false }`
[INFO] running `Command { std: "docker" "rm" "-f" "a12d80729c89407e6841dd8ef09cf42cf72eee20d25e78d5c21091998528b1d7", kill_on_drop: false }`
[INFO] [stdout] a12d80729c89407e6841dd8ef09cf42cf72eee20d25e78d5c21091998528b1d7
[INFO] running `Command { std: "docker" "create" "-v" "/var/lib/crater-agent-workspace/builds/worker-10/target:/opt/rustwide/target:rw,Z" "-v" "/var/lib/crater-agent-workspace/builds/worker-10/source:/opt/rustwide/workdir:ro,Z" "-v" "/var/lib/crater-agent-workspace/cargo-home:/opt/rustwide/cargo-home:ro,Z" "-v" "/var/lib/crater-agent-workspace/rustup-home:/opt/rustwide/rustup-home:ro,Z" "-e" "SOURCE_DIR=/opt/rustwide/workdir" "-e" "CARGO_TARGET_DIR=/opt/rustwide/target" "-e" "CARGO_INCREMENTAL=0" "-e" "RUST_BACKTRACE=full" "-e" "RUSTFLAGS=--cap-lints=forbid" "-e" "CARGO_HOME=/opt/rustwide/cargo-home" "-e" "RUSTUP_HOME=/opt/rustwide/rustup-home" "-w" "/opt/rustwide/workdir" "-m" "1610612736" "--user" "0:0" "--network" "none" "rustops/crates-build-env@sha256:d92eaeed33fa75130ca1ee6c8a01d1ffb62bac859dfdfb3450e3e5d1c0146529" "/opt/rustwide/cargo-home/bin/cargo" "+af3c6e733a40e671550e0f0f5aeecaa13772ba56" "check" "--frozen" "--all" "--all-targets" "--message-format=json", kill_on_drop: false }`
[INFO] [stdout] 4a418da80838bddf44e02a30ff20d212387a9aa4a11ff4c11e9fd429c633d631
[INFO] [stderr] WARNING: Your kernel does not support swap limit capabilities or the cgroup is not mounted. Memory limited without swap.
[INFO] running `Command { std: "docker" "start" "-a" "4a418da80838bddf44e02a30ff20d212387a9aa4a11ff4c11e9fd429c633d631", kill_on_drop: false }`
[INFO] [stderr]     Blocking waiting for file lock on package cache
[INFO] [stderr]    Compiling autocfg v1.0.1
[INFO] [stderr]    Compiling libc v0.2.77
[INFO] [stderr]     Checking cfg-if v0.1.10
[INFO] [stderr]     Checking lazy_static v1.4.0
[INFO] [stderr]    Compiling log v0.4.11
[INFO] [stderr]    Compiling maybe-uninit v2.0.0
[INFO] [stderr]    Compiling xml-rs v0.8.3
[INFO] [stderr]     Checking rand_core v0.4.2
[INFO] [stderr]    Compiling bitflags v1.2.1
[INFO] [stderr]    Compiling autocfg v0.1.7
[INFO] [stderr]     Checking scopeguard v1.1.0
[INFO] [stderr]    Compiling libloading v0.6.3
[INFO] [stderr]    Compiling semver-parser v0.7.0
[INFO] [stderr]    Compiling getrandom v0.1.15
[INFO] [stderr]     Checking downcast-rs v1.2.0
[INFO] [stderr]     Checking linked-hash-map v0.5.3
[INFO] [stderr]     Checking same-file v1.0.6
[INFO] [stderr]    Compiling syn v0.15.44
[INFO] [stderr]     Checking ppv-lite86 v0.2.9
[INFO] [stderr]    Compiling proc-macro2 v1.0.21
[INFO] [stderr]    Compiling proc-macro-hack v0.5.18
[INFO] [stderr]    Compiling typenum v1.12.0
[INFO] [stderr]     Checking rustc-serialize v0.3.24
[INFO] [stderr]    Compiling pkg-config v0.3.18
[INFO] [stderr]    Compiling crc32fast v1.2.0
[INFO] [stderr]    Compiling unicode-xid v0.2.1
[INFO] [stderr]    Compiling bitflags v0.3.3
[INFO] [stderr]    Compiling cc v1.0.59
[INFO] [stderr]     Checking adler32 v1.2.0
[INFO] [stderr]     Checking either v1.6.0
[INFO] [stderr]     Checking hashbrown v0.9.0
[INFO] [stderr]    Compiling khronos_api v1.0.1
[INFO] [stderr]     Checking percent-encoding v1.0.1
[INFO] [stderr]     Checking smallvec v1.4.2
[INFO] [stderr]     Checking slab v0.4.2
[INFO] [stderr]     Checking slotmap v0.4.0
[INFO] [stderr]     Checking instant v0.1.6
[INFO] [stderr]     Checking rand_core v0.3.1
[INFO] [stderr]     Checking rand_jitter v0.1.4
[INFO] [stderr]    Compiling semver v0.9.0
[INFO] [stderr]     Checking walkdir v2.3.1
[INFO] [stderr]    Compiling xml-rs v0.2.2
[INFO] [stderr]     Checking inflate v0.4.5
[INFO] [stderr]    Compiling rand_chacha v0.1.1
[INFO] [stderr]    Compiling rand_pcg v0.1.2
[INFO] [stderr]    Compiling rand v0.6.5
[INFO] [stderr]    Compiling num-traits v0.2.12
[INFO] [stderr]    Compiling crossbeam-utils v0.7.2
[INFO] [stderr]    Compiling memoffset v0.5.5
[INFO] [stderr]    Compiling crossbeam-epoch v0.8.2
[INFO] [stderr]    Compiling num-integer v0.1.43
[INFO] [stderr]    Compiling num-iter v0.1.41
[INFO] [stderr]    Compiling num-rational v0.2.4
[INFO] [stderr]    Compiling num-complex v0.2.4
[INFO] [stderr]    Compiling rayon v1.4.0
[INFO] [stderr]    Compiling indexmap v1.6.0
[INFO] [stderr]     Checking lock_api v0.1.5
[INFO] [stderr]     Checking rand_hc v0.1.0
[INFO] [stderr]     Checking rand_isaac v0.1.1
[INFO] [stderr]     Checking rand_xorshift v0.1.1
[INFO] [stderr]    Compiling cmake v0.1.44
[INFO] [stderr]    Compiling rustc_version v0.2.3
[INFO] [stderr]    Compiling x11-dl v2.18.5
[INFO] [stderr]     Checking stb_truetype v0.3.1
[INFO] [stderr]     Checking deflate v0.7.20
[INFO] [stderr]     Checking dlib v0.4.2
[INFO] [stderr]     Checking bincode v1.3.1
[INFO] [stderr]     Checking smallvec v0.6.13
[INFO] [stderr]    Compiling gl_generator v0.10.0
[INFO] [stderr]    Compiling gl_generator v0.14.0
[INFO] [stderr]    Compiling log v0.3.9
[INFO] [stderr]    Compiling wayland-scanner v0.21.13
[INFO] [stderr]    Compiling paste-impl v0.1.18
[INFO] [stderr]     Checking wayland-sys v0.21.13
[INFO] [stderr]    Compiling parking_lot_core v0.4.0
[INFO] [stderr]    Compiling quote v1.0.7
[INFO] [stderr]    Compiling gl_generator v0.4.2
[INFO] [stderr]     Checking png v0.15.3
[INFO] [stderr]     Checking num_cpus v1.13.0
[INFO] [stderr]     Checking nix v0.14.1
[INFO] [stderr]     Checking rand_os v0.1.3
[INFO] [stderr]     Checking rand v0.4.6
[INFO] [stderr]     Checking memmap v0.7.0
[INFO] [stderr]     Checking shared_library v0.1.9
[INFO] [stderr]     Checking crossbeam-channel v0.4.4
[INFO] [stderr]    Compiling glfw-sys v3.3.2
[INFO] [stderr]    Compiling syn v1.0.41
[INFO] [stderr]     Checking petgraph v0.5.1
[INFO] [stderr]     Checking rand_core v0.5.1
[INFO] [stderr]     Checking osmesa-sys v0.1.2
[INFO] [stderr]     Checking generic-array v0.13.2
[INFO] [stderr]     Checking approx v0.3.2
[INFO] [stderr]     Checking ordered-float v1.1.0
[INFO] [stderr]     Checking line_drawing v0.7.0
[INFO] [stderr]     Checking num-complex v0.1.43
[INFO] [stderr]     Checking num-traits v0.1.43
[INFO] [stderr]     Checking paste v0.1.18
[INFO] [stderr]     Checking crossbeam-deque v0.7.3
[INFO] [stderr]     Checking rand_chacha v0.2.2
[INFO] [stderr]     Checking rand v0.3.23
[INFO] [stderr]    Compiling glutin v0.19.0
[INFO] [stderr]    Compiling gl v0.5.2
[INFO] [stderr]     Checking enum_primitive v0.1.1
[INFO] [stderr]    Compiling gl v0.14.0
[INFO] [stderr]     Checking num-bigint v0.1.44
[INFO] [stderr]     Checking rusttype v0.8.3
[INFO] [stderr]     Checking rayon-core v1.8.0
[INFO] [stderr]     Checking rand v0.7.3
[INFO] [stderr]     Checking simba v0.2.0
[INFO] [stderr]    Compiling wayland-client v0.21.13
[INFO] [stderr]    Compiling wayland-protocols v0.21.13
[INFO] [stderr]     Checking rusttype v0.7.9
[INFO] [stderr]     Checking parking_lot v0.7.1
[INFO] [stderr]     Checking andrew v0.2.1
[INFO] [stderr]     Checking num-rational v0.1.42
[INFO] [stderr]     Checking num v0.1.42
[INFO] [stderr]     Checking rand_distr v0.2.2
[INFO] [stderr]     Checking nalgebra v0.8.2
[INFO] [stderr]     Checking nalgebra v0.22.0
[INFO] [stderr]    Compiling num-derive v0.2.5
[INFO] [stderr]     Checking glfw v0.2.0
[INFO] [stderr]     Checking wayland-commons v0.21.13
[INFO] [stderr]     Checking jpeg-decoder v0.1.20
[INFO] [stderr]     Checking tiff v0.3.1
[INFO] [stderr]     Checking image v0.22.5
[INFO] [stderr]    Compiling serde_derive v1.0.116
[INFO] [stderr]     Checking smithay-client-toolkit v0.4.6
[INFO] [stderr]     Checking winit v0.18.1
[INFO] [stderr]     Checking ncollide3d v0.24.0
[INFO] [stderr]     Checking kiss3d v0.25.0 (https://github.com/sebcrozet/kiss3d#3fd1ec19)
[INFO] [stderr]     Checking t3tropolis v0.1.0 (/opt/rustwide/workdir)
[INFO] [stdout] error[E0432]: unresolved import `kiss3d::resource::material::Matrixerial`
[INFO] [stdout]  --> src/draw.rs:9:5
[INFO] [stdout]   |
[INFO] [stdout] 9 | use kiss3d::resource::material::Matrixerial;
[INFO] [stdout]   |     ^^^^^^^^^^^^^^^^^^^^^^^^^^^^-----------
[INFO] [stdout]   |     |                           |
[INFO] [stdout]   |     |                           help: a similar name exists in the module: `Material`
[INFO] [stdout]   |     no `Matrixerial` in `resource::material`
[INFO] [stdout] 
[INFO] [stdout] 
[INFO] [stdout] error[E0432]: unresolved import `bincode::SizeLimit`
[INFO] [stdout]  --> src/networkadapter.rs:9:5
[INFO] [stdout]   |
[INFO] [stdout] 9 | use bincode::SizeLimit;
[INFO] [stdout]   |     ^^^^^^^^^^^^^^^^^^ no `SizeLimit` in the root
[INFO] [stdout] 
[INFO] [stdout] 
[INFO] [stdout] error[E0432]: unresolved import `bincode::rustc_serialize`
[INFO] [stdout]   --> src/networkadapter.rs:10:14
[INFO] [stdout]    |
[INFO] [stdout] 10 | use bincode::rustc_serialize::{encode, decode};
[INFO] [stdout]    |              ^^^^^^^^^^^^^^^ could not find `rustc_serialize` in `bincode`
[INFO] [stdout] 
[INFO] [stdout] 
[INFO] [stdout] error[E0432]: unresolved import `kiss3d::resource::Matrixerial`
[INFO] [stdout]  --> src/other_material.rs:6:5
[INFO] [stdout]   |
[INFO] [stdout] 6 | use kiss3d::resource::Matrixerial;
[INFO] [stdout]   |     ^^^^^^^^^^^^^^^^^^-----------
[INFO] [stdout]   |     |                 |
[INFO] [stdout]   |     |                 help: a similar name exists in the module: `Material`
[INFO] [stdout]   |     no `Matrixerial` in `resource`
[INFO] [stdout] 
[INFO] [stdout] 
[INFO] [stdout] error[E0432]: unresolved import `kiss3d::resource::Shader`
[INFO] [stdout]   --> src/other_material.rs:10:30
[INFO] [stdout]    |
[INFO] [stdout] 10 | use kiss3d::resource::{Mesh, Shader, ShaderAttribute, ShaderUniform};
[INFO] [stdout]    |                              ^^^^^^ no `Shader` in `resource`
[INFO] [stdout] 
[INFO] [stdout] 
[INFO] [stdout] warning: use of deprecated macro `try`: use the `?` operator instead
[INFO] [stdout]    --> src/networkadapter.rs:134:18
[INFO] [stdout]     |
[INFO] [stdout] 134 |     let stream = try!(TcpStream::connect(&addr as &str));
[INFO] [stdout]     |                  ^^^
[INFO] [stdout]     |
[INFO] [stdout]     = note: `#[warn(deprecated)]` on by default
[INFO] [stdout] 
[INFO] [stdout] 
[INFO] [stdout] warning: trait objects without an explicit `dyn` are deprecated
[INFO] [stdout]   --> src/other_material.rs:78:31
[INFO] [stdout]    |
[INFO] [stdout] 78 |               camera:    &mut Camera,
[INFO] [stdout]    |                               ^^^^^^ help: use `dyn`: `dyn Camera`
[INFO] [stdout]    |
[INFO] [stdout]    = note: `#[warn(bare_trait_objects)]` on by default
[INFO] [stdout] 
[INFO] [stdout] 
[INFO] [stdout] error: aborting due to 5 previous errors; 2 warnings emitted
[INFO] [stdout] 
[INFO] [stdout] 
[INFO] [stderr] error: could not compile `t3tropolis`.
[INFO] [stdout] For more information about this error, try `rustc --explain E0432`.
[INFO] [stdout] 
[INFO] [stderr] 
[INFO] [stdout] error[E0432]: unresolved import `kiss3d::resource::material::Matrixerial`
[INFO] [stdout]  --> src/draw.rs:9:5
[INFO] [stdout]   |
[INFO] [stdout] 9 | use kiss3d::resource::material::Matrixerial;
[INFO] [stdout]   |     ^^^^^^^^^^^^^^^^^^^^^^^^^^^^-----------
[INFO] [stdout]   |     |                           |
[INFO] [stdout]   |     |                           help: a similar name exists in the module: `Material`
[INFO] [stdout]   |     no `Matrixerial` in `resource::material`
[INFO] [stdout] 
[INFO] [stdout] 
[INFO] [stderr] To learn more, run the command again with --verbose.
[INFO] [stdout] error[E0432]: unresolved import `bincode::SizeLimit`
[INFO] [stdout]  --> src/networkadapter.rs:9:5
[INFO] [stdout]   |
[INFO] [stdout] 9 | use bincode::SizeLimit;
[INFO] [stdout]   |     ^^^^^^^^^^^^^^^^^^ no `SizeLimit` in the root
[INFO] [stdout] 
[INFO] [stdout] 
[INFO] [stderr] warning: build failed, waiting for other jobs to finish...
[INFO] [stdout] error[E0432]: unresolved import `bincode::rustc_serialize`
[INFO] [stdout]   --> src/networkadapter.rs:10:14
[INFO] [stdout]    |
[INFO] [stdout] 10 | use bincode::rustc_serialize::{encode, decode};
[INFO] [stdout]    |              ^^^^^^^^^^^^^^^ could not find `rustc_serialize` in `bincode`
[INFO] [stdout] 
[INFO] [stdout] 
[INFO] [stdout] error[E0432]: unresolved import `kiss3d::resource::Matrixerial`
[INFO] [stdout]  --> src/other_material.rs:6:5
[INFO] [stdout]   |
[INFO] [stdout] 6 | use kiss3d::resource::Matrixerial;
[INFO] [stdout]   |     ^^^^^^^^^^^^^^^^^^-----------
[INFO] [stdout]   |     |                 |
[INFO] [stdout]   |     |                 help: a similar name exists in the module: `Material`
[INFO] [stdout]   |     no `Matrixerial` in `resource`
[INFO] [stdout] 
[INFO] [stdout] 
[INFO] [stdout] error[E0432]: unresolved import `kiss3d::resource::Shader`
[INFO] [stdout]   --> src/other_material.rs:10:30
[INFO] [stdout]    |
[INFO] [stdout] 10 | use kiss3d::resource::{Mesh, Shader, ShaderAttribute, ShaderUniform};
[INFO] [stdout]    |                              ^^^^^^ no `Shader` in `resource`
[INFO] [stdout] 
[INFO] [stdout] 
[INFO] [stdout] warning: use of deprecated macro `try`: use the `?` operator instead
[INFO] [stdout]    --> src/networkadapter.rs:134:18
[INFO] [stdout]     |
[INFO] [stdout] 134 |     let stream = try!(TcpStream::connect(&addr as &str));
[INFO] [stdout]     |                  ^^^
[INFO] [stdout]     |
[INFO] [stdout]     = note: `#[warn(deprecated)]` on by default
[INFO] [stdout] 
[INFO] [stdout] 
[INFO] [stdout] warning: trait objects without an explicit `dyn` are deprecated
[INFO] [stdout]   --> src/other_material.rs:78:31
[INFO] [stdout]    |
[INFO] [stdout] 78 |               camera:    &mut Camera,
[INFO] [stdout]    |                               ^^^^^^ help: use `dyn`: `dyn Camera`
[INFO] [stdout]    |
[INFO] [stdout]    = note: `#[warn(bare_trait_objects)]` on by default
[INFO] [stdout] 
[INFO] [stdout] 
[INFO] [stdout] error: aborting due to 5 previous errors; 2 warnings emitted
[INFO] [stdout] 
[INFO] [stdout] 
[INFO] [stdout] For more information about this error, try `rustc --explain E0432`.
[INFO] [stdout] 
[INFO] [stderr] error: build failed
[INFO] running `Command { std: "docker" "inspect" "4a418da80838bddf44e02a30ff20d212387a9aa4a11ff4c11e9fd429c633d631", kill_on_drop: false }`
[INFO] running `Command { std: "docker" "rm" "-f" "4a418da80838bddf44e02a30ff20d212387a9aa4a11ff4c11e9fd429c633d631", kill_on_drop: false }`
[INFO] [stdout] 4a418da80838bddf44e02a30ff20d212387a9aa4a11ff4c11e9fd429c633d631
